is the value of 0 + (9 - 18 - 6 - -6)?
-9
What is -25 + -1 + 26 + -7?
-7
Evaluate 1 + -3 + (6 - 3) - (-4 + -5).
10
Evaluate -6 + (19 - (9 - 3)).
7
What is the value of -4 + 6 + -2 + (-2 - 2)?
-4
Calculate -8 - 1 - (2 + -33).
22
Evaluate (13 - 0) + -5 + (1 - -3).
12
What is (5 - 10) + (-4 + 3 - 2)?
-8
Calculate 18 + -18 + 39 + 12 + -17.
34
-18 + (22 - (0 - -20))
-16
Evaluate 147 - 148 - (1 - 5) - -11.
14
What is 20 - (-49 + 24 + 57)?
-12
What is 4 + 3 + 1 - (-13 - -18 - 2)?
5
What is the value of -2 - (-176 + 180 + -1 + -10)?
5
Calculate (-13 - (-9 + -7)) + 12 + (1 - -4).
20
What is 1 - (-6 + 8 + -7) - -4?
10
Evaluate (27 - 13) + 1 + (0 - 16).
-1
Evaluate ((-1 - 6) + 4 - (0 + -8)) + -5.
0
What is (16 - -1 - 1) + -11?
5
What is -4 + 1 + 6 + -12 + 2 + -4?
-11
What is the value of -13 - (-1 + 10 - (0 + 0 + 16))?
-6
Calculate -8 + -2 + (22 - 4).
8
7 + (-9 - -3 - -6 - 4) + -2
1
Calculate 7 - 2 - (-53 + 53).
5
What is 24 - ((-1 - -7) + 8)?
10
What is (3 - (2 + -3)) + 74 + -99 + 5?
-16
What is the value of -11 + 15 + 1 + 33 + -31?
7
What is the value of (33 - 15) + -22 + (-1 - -4 - 1)?
-2
(22 - 16) + 2 + -11
-3
What is -23 + -9 + 10 + 11 + 8?
-3
What is 23 + -35 + (-32 - -44)?
0
Evaluate -7 + 9 + -15 + 12 + -7.
-8
Calculate -73 + 92 + (-18 - -7).
8
What is the value of (3 - (2 + -5)) + (-2 - (-1 + 2))?
3
What is the value of -1 + -37 + 37 - (0 + -11)?
10
What is the value of -2 + 6 + 8 + 3 + -9?
6
Evaluate 1 - 3 - (30 - 26) - 18.
-24
What is (29 - 67 - -29) + 24?
15
2 + -22 + -13 + 12
-21
(1 - 11) + 1 + 1047 + -1047
-9
Calculate (179 - 157) + (-34 - -2).
-10
Evaluate -7 + -15 + 12 + 26 + -6.
10
What is 6 + (1 - -3 - (-9 - -2)) + -7?
10
What is (-75 - -92) + (1 - 11) + 8?
15
Calculate (-19 - 0) + 0 + (-1194 - -1199).
-14
What is the value of 6 + -5 + -50 + 63?
14
What is the value of 35 + -5 - (38 + -22)?
14
What is the value of -7 + -6 + (-5 - (8 + -18))?
-8
What is the value of -3 - ((102 - 92) + (1 - 15) - -21)?
-20
Calculate 18 + 2 - 38 - -34.
16
What is 11 - (-1 - 0 - (4 + -8 + 4))?
12
Calculate (2 - 19) + (82 - 60).
5
What is the value of 6 + 6 + -6 - 7?
-1
-16 - (5 + -15 + (-3 - -3) + 5)
-11
2 + (-11 - (9 + -2 + -3 + -9))
-4
What is (0 - -9) + (14 - 28) + -10?
-15
What is (17 - 5) + -31 - -36?
17
What is the value of (8 - (-39 - -27)) + -19 - (32 + 1)?
-32
Calculate -4 + (1 - -1) + 1 + 2 - 8.
-7
-5 + (4 - (7 + (-2 - -1 - 2)))
-5
Evaluate 12 - 10 - (-3 + 5).
0
What is the value of (-11 - (21 + -34)) + -8?
-6
What is the value of -22 + 19 + (3 - (-1 + -3))?
4
Calculate (3 - 1) + (1405 - 1403).
4
(-19 - -7 - -9) + 4
1
18 + -13 + -6 + -11
-12
Calculate -17 + 2 + (96 - 94).
-13
Evaluate -25 - -30 - (2 + (2 - 5)).
6
Calculate -23 - (13 + -10 + -9).
-17
What is the value of 23 - (-3 + 20 + 21)?
-15
What is 1 + (8 - 17) + -6 + 5?
-9
Evaluate 0 - (43 - 58) - (7 - 1).
9
(5 - 1 - 8) + 15
11
Calculate 0 - 3 - 3 - -11.
5
Evaluate (-14 - -2) + 14 - (10 + (-8 - -4)).
-4
Calculate 12 - (13 + -37 + 23).
13
Evaluate -3 - -1 - 1 - (66 + (-67 - -18)).
-20
What is -1 - 1 - (-1 - -5) - (4 - 10)?
0
Evaluate -11 - (2 + (5 - 4) - 10).
-4
Evaluate -21 + (7 + 3 - 7 - 0).
-18
(2 - (3 - (3 - 4))) + -6
-8
-10 + 4 + -12 + 21 - -9
12
What is the value of 5 - (4 + 1 + (-4 - 0)) - -7?
11
Calculate 37 + 3 + -34 - (-4 - (-1 + 1)).
10
Calculate (19 + -5 - 26) + -8.
-20
Evaluate 0 - -4 - ((-254 - -284) + 0 + -11).
-15
Calculate 10 + -12 + -2 - 8.
-12
What is the value of 44 - (11 - (-60 + 26))?
-1
Calculate 17 - 2 - (2 + 1 + -1 + 3).
10
Calculate (16 - (40 + -57)) + -62.
-29
(1 - (2 - (-4 - 0))) + -1 - -3
-3
What is the value of 23 + -6 + -9 + (6 - 15)?
-1
1 + -16 - (-1597 - -1605)
-23
What is the value of 2 + 1 - (-24 + -15 + 29)?
13
What is 4 + 5 + (-8 - -10 - -7) + 6?
24
What is the value of -9 - (-8 + 6 - 4)?
-3
9 + (-1 - (8 - 6)) + 0
6
-17 - ((1 - 16) + 8 + -1) - -2
-7
What is the value of (-1 - (-16 - 2)) + -8 + 6?
15
What is the value of 133 + -149 - (-1 - 3 - (-2 + 4))?
-10
What is 46 - 47 - (-2 - (-14 - -2))?
-11
What is 2 + 19 + -2 + (20 - (11 - -6))?
22
What is -24 - (-19 - (31 - 28))?
-2
What is 5 + 16 + (-21 - 11) + 39?
28
Calculate 0 + 3 + -25 + -16 + 23.
-15
What is -15 + 11 + -1 - -19?
14
-2 - ((5 - 17) + -3)
13
Evaluate 1 + (12 - 6) + -17 + 7 + 16.
13
What is the value of (-42 + 46 + 3 + -19 - 28) + 9?
-31
Calculate -7 - 6 - (-5 + 10 - 7 - 4).
-7
What is (-4 - -6) + 6 - (-10 - (23 + -17))?
24
(8 - 14) + 12 + -12
-6
What is 1 - (23 + 1 - (20 + -25 + 7))?
-21
What is the value of (-1 - -10) + 20 + -7 + (23 - 12)?
33
What is the value of 0 + (10 - 10 - (-2 - (-9 - 3)))?
-10
What is 1 - -2 - -4 - (4 + -1)?
4
0 + (16 + -41 - -24)
-1
Evaluate (-37 - 0) + (-885 - -910).
-12
Evaluate -24 + 5 + -1 + (-1 - -8 - 5).
-18
2 - ((2 - -5 - (-4 - 3)) + 8)
-20
Evaluate 267 - 229 - (-1 + 21).
18
What is -69 + 55 - (-7 - -17)?
-24
What is the value of 14 - 13 - 2 - -14?
13
Calculate -4 - -6 - -1 - (-4 - (9 + -9)).
7
Evaluate -4 - -8 - 29 - (23 - 21) - -8.
-19
What is the value of (21 - 39 - -9) + (-9 - -1)?
-17
What is -91 - -102 - (0 + 12)?
-1
Calculate -19 + -15 + 21 - 6.
-19
What is -7 + -9 + 2 + (14 - 28) + 19?
-9
-11 + 14 + -26 + -3 + -6 + 2
-30
What is the value of -5 + (-7 + -13 + 10 - (2 - -10))?
-27
Calculate 30 - ((-14 - (-27 + 12)) + 6).
23
What is the value of 5 - (-1 + 0 - (-23 + 9 - 2))?
-10
Evaluate 0 + (10 - (7 + 1)) + -1.
1
Evaluate -6 + (7 + -6 - 12 - -1 - -2).
-14
What is the value of -11 + 9 + 3 - (17 - 2)?
-14
(-61 - -100) + -12 + -41
-14
6 + -8 + 3 - (23 + (-1 - -4))
-25
Evaluate 25 + 0 + -9 + 1.
17
-3 - (4 - -4 - 15)
4
Calculate -65 + 47 - (-24 - (0 + 1)).
7
15 - (-41 - -32) - 14
10
What is -62 - -72 - (1 - (0 - (2 - 0)))?
7
Calculate 8 + 10 + 2 + -34.
-14
What is the value of (29 - (25 + 10)) + 0 + 23 + -2?
15
-2285 + 2289 + 0 + -16
-12
Evaluate -20 - (46 + -26 - 22).
-18
What is 11 + -4 - (3 + 12 + 1)?
-9
What is the value of (-9 - (-11 - -15)) + 8 - (-2 - 4)?
1
Evaluate 10 - ((-25 - -11) + (-3 - -46)).
-19
Calculate 10 + -10 - 0 - -1 - -1.
2
What is -12 - 34 - ((-21 - -23) + -21)?
-27
Calculate 8 + (-11 - (-3 - 5)) + -6.
-1
Calculate -5 + 4 + 13 + -26.
-14
What is the value of 3 + -3 + 6 + -25 + -3?
-22
Evaluate (-4 - -7) + -7 + 5 - (-84 - -58).
27
What is -6 + 42 + 3 + -19?
20
What is the value of (22 + 4 + 5 - 11) + -5?
15
What is (4 - ((0 - 0) + 2)) + 0 + -2?
0
What is -19 - (-17 + 4 + -2)?
-4
What is the value of 7 + (-11 + 9 - 12 - -5)?
-2
What is (112 - 143) + (1 - -4)?
-26
What is the value of -4 + 1 + (-222 - -228)?
3
What is the value of -28 + (-30 + 27 - -25)?
-6
Evaluate (7 - 10) + (26 - 48) + (2 - -1).
-22
(-18 - -3) + 20 + -7
-2
0 - 3 - -9 - (6 + 13) - -4
-9
Calculate -8 + 0 + 3 + (-57 - -75).
13
-28 - (-58 - -24 - -31)
-25
5 - (-3 + 10 + 3 + -5 + 1)
-1
Evaluate -9 + -22 + 4 + 22.
-5
Calculate (-4 - (-2 + 6)) + (23 - 13) + 5.
7
What is -1 - -4 - (8 + -14 + 2 + 12)?
-5
Evaluate (-28 - -14) + 6 - -11.
3
What is the value of (-2 - (0 - 0)) + -110 + 105?
-7
-7 + -4 + 9 + 3
1
Evaluate 18 - (-4 - -11 - 5 - (-4 + 0)).
12
What is (4 - 3 - 7) + 8 + -9?
-7
Calculate (8 - -6) + 0 + -5.
9
What is the value of 6 + 4 + -6 - 12?
-8
-30 + 14 - 25 - -29
-12
-5 + (-3 - -17) + -6
3
Evaluate -3 - -2 - (75 - 78).
2
3 - ((-2 - (2 + -1)) + (216 - 214))
4
What is -17 + 24 - (21 - (6 - 4))?
-12
Evaluate -15 - ((7 - (-1 + (-2 - -7))) + -3).
-15
-8 - ((-3 + 7 - 2) + 4)
-14
(13 - (2 - (-6 - -2))) + -4 + -1
2
Evaluate -9 - -24 - 27 - ((27 - -2) + -8).
-33
What is the value of (14 + -10 - -2) + 5 + -22?
-11
Calculate 7 + (11 - (-2 + 22)).
-2
What is (12 - 5) + -10 + 9 + -20?
-14
Calculate (10 - (1 + 2)) + -122 + 120 - 7.
-2
Calculate (2 - (-2 + 14)) + -194 + 198.
-6
What is the value of 10 + (3 - 5) + 5 + -3?
10
Calculate 2 - 8 - (10 + -14 + (-13 - -20)).
-9
What is the value of 11 + (-7 - (11 + -15) - -13)?
21
What is -2 + (-16 - -9) + (18 - 7)?
2
What is the value of (5 + (-16 - -2) - (-3 - 9)) + -37?
-34
Calculate (8 + -14 - 2) + 0.
-8
Calculate (12 - 14 - -5) + (-15 - 0).
-12
(0 - (0 + 5)) + (41 - 36) + -6
-6
What is the value of -66 + (-71 + 24 - -93)?
-20
Evaluate 0 + (10 - 8) - 4.
-2
-12 + (-5 - (-7 - -7)) + 13
-4
Calculate (-3 - (1 - 3)) + 6.
5
Calculate 4 - ((0 - -6) + 2 + (10 - 11)).
-3
Evaluate -22 - ((5 - 8) + -3 + (-5 - -4)).
-15
What is the value of 12 - (-4